{"id":388505,"date":"2023-01-02T15:55:52","date_gmt":"2023-01-02T15:55:52","guid":{"rendered":"https:\/\/elmasferrer.com\/producto\/rosat-reserva-ecologic\/"},"modified":"2023-07-17T11:53:59","modified_gmt":"2023-07-17T11:53:59","slug":"rosado-reserva-ecologico","status":"publish","type":"product","link":"https:\/\/elmasferrer.com\/ca\/producto\/rosado-reserva-ecologico\/","title":{"rendered":"ROSAT RESERVA ECOL\u00d2GIC"},"content":{"rendered":"<p><b>Tipus d&#8217;elaboraci\u00f3:<\/b> Tradicional &#8216;Champenoise&#8217;. Remenat manual a pupitres.<br \/>\n<b>Varietats:<\/b> Varietats t\u00edpiques del Pened\u00e8s; Garnatxa i Pinot Noir.<br \/>\n<b>Color:<\/b> Color gerd brillant. Aroma afruitada intensa amb fina crema i matisos de crian\u00e7a. Fresc i suau en boca amb notes de gerds, nabius i flors. Ampolla molt fina i molt ben integrada.<br \/>\n<b>Temps de Crian\u00e7a:<\/b>M\u00e9s de 20 mesos de crian\u00e7a en ampolla, desgorjat recent, remogut i aclarit a m\u00e0 a pupitre.<br \/>\n<b>Sucre residual afegit:<\/b> 5gr \/ litre <b>PH:<\/b> 3 \u2013 <b>Acidesa:<\/b> 6,1 gr \/ litre<br \/>\n<b>Grau alcoh\u00f2lic:<\/b> 11,5%<br \/>\n<b>Temperatura de servei:<\/b> 4\u00ba \/ 6\u00ba C.<br \/>\n<b>Maridatge:<\/b> Excel\u00b7lent per degustar a l&#8217;aperitiu, amb guisats, carns blanques, peix o marisc i pasta fresca.<br \/>\n<b>Premis:<br \/>\n<\/b>International Wine Awards 2017 (Bronze)<br \/>\nGirovi 2015 \u2013 XX CONCURS DE VINS I CAVES DE CATALUNYA (Or)<br \/>\nCatavinum 2015 \u2013 World Wine &amp; Spirits Competition (Plata)<\/p>\n<p><b><i>Presentaci\u00f3 a ampolla especial de 75cl.<\/i><\/b><\/p>\n<p>&nbsp;<\/p>\n","protected":false},"excerpt":{"rendered":"<p>Tipus d&#8217;elaboraci\u00f3: Tradicional &#8216;Champenoise&#8217;. Remenat manual a pupitres. Varietats: Varietats t\u00edpiques del Pened\u00e8s; Garnatxa i Pinot Noir. Color: Color gerd brillant. Aroma afruitada intensa amb fina crema i matisos de crian\u00e7a. Fresc i suau en boca amb notes de gerds, nabius i flors. Ampolla molt fina i molt ben integrada. Temps de Crian\u00e7a:M\u00e9s de 20 [&hellip;]<\/p>\n","protected":false},"featured_media":388281,"comment_status":"open","ping_status":"closed","template":"","meta":{"_acf_changed":false,"_et_pb_use_builder":"","_et_pb_old_content":"","_et_gb_content_width":""},"product_brand":[],"product_cat":[73],"product_tag":[],"class_list":{"0":"post-388505","1":"product","2":"type-product","3":"status-publish","4":"has-post-thumbnail","6":"product_cat-cava-ca","8":"first","9":"instock","10":"shipping-taxable","11":"purchasable","12":"product-type-simple"},"acf":[],"yoast_head":"<!-- This site is optimized with the Yoast SEO plugin v27.5 - https:\/\/yoast.com\/product\/yoast-seo-wordpress\/ -->\n<title>ROSAT RESERVA ECOL\u00d2GIC - El Mas Ferrer<\/title>\n<meta name=\"robots\" content=\"index, follow, max-snippet:-1, max-image-preview:large, max-video-preview:-1\" \/>\n<link rel=\"canonical\" href=\"https:\/\/elmasferrer.com\/ca\/producto\/rosado-reserva-ecologico\/\" \/>\n<meta property=\"og:locale\" content=\"ca_ES\" \/>\n<meta property=\"og:type\" content=\"article\" \/>\n<meta property=\"og:title\" content=\"ROSAT RESERVA ECOL\u00d2GIC - El Mas Ferrer\" \/>\n<meta property=\"og:description\" content=\"Tipus d&#8217;elaboraci\u00f3: Tradicional &#8216;Champenoise&#8217;. Remenat manual a pupitres. Varietats: Varietats t\u00edpiques del Pened\u00e8s; Garnatxa i Pinot Noir. Color: Color gerd brillant. Aroma afruitada intensa amb fina crema i matisos de crian\u00e7a. Fresc i suau en boca amb notes de gerds, nabius i flors. Ampolla molt fina i molt ben integrada. Temps de Crian\u00e7a:M\u00e9s de 20 [&hellip;]\" \/>\n<meta property=\"og:url\" content=\"https:\/\/elmasferrer.com\/ca\/producto\/rosado-reserva-ecologico\/\" \/>\n<meta property=\"og:site_name\" content=\"El Mas Ferrer\" \/>\n<meta property=\"article:publisher\" content=\"https:\/\/www.facebook.com\/caveselmasferrer\/\" \/>\n<meta property=\"article:modified_time\" content=\"2023-07-17T11:53:59+00:00\" \/>\n<meta property=\"og:image\" content=\"https:\/\/elmasferrer.com\/wp-content\/uploads\/2023\/01\/ROSADO-RESERVA-ECOLOGICO.png\" \/>\n\t<meta property=\"og:image:width\" content=\"456\" \/>\n\t<meta property=\"og:image:height\" content=\"1030\" \/>\n\t<meta property=\"og:image:type\" content=\"image\/png\" \/>\n<meta name=\"twitter:card\" content=\"summary_large_image\" \/>\n<meta name=\"twitter:site\" content=\"@MasCaves\" \/>\n<meta name=\"twitter:label1\" content=\"Temps estimat de lectura\" \/>\n\t<meta name=\"twitter:data1\" content=\"1 minut\" \/>\n<script type=\"application\/ld+json\" class=\"yoast-schema-graph\">{\"@context\":\"https:\\\/\\\/schema.org\",\"@graph\":[{\"@type\":\"WebPage\",\"@id\":\"https:\\\/\\\/elmasferrer.com\\\/ca\\\/producto\\\/rosado-reserva-ecologico\\\/\",\"url\":\"https:\\\/\\\/elmasferrer.com\\\/ca\\\/producto\\\/rosado-reserva-ecologico\\\/\",\"name\":\"ROSAT RESERVA ECOL\u00d2GIC - El Mas Ferrer\",\"isPartOf\":{\"@id\":\"https:\\\/\\\/elmasferrer.com\\\/#website\"},\"primaryImageOfPage\":{\"@id\":\"https:\\\/\\\/elmasferrer.com\\\/ca\\\/producto\\\/rosado-reserva-ecologico\\\/#primaryimage\"},\"image\":{\"@id\":\"https:\\\/\\\/elmasferrer.com\\\/ca\\\/producto\\\/rosado-reserva-ecologico\\\/#primaryimage\"},\"thumbnailUrl\":\"https:\\\/\\\/elmasferrer.com\\\/wp-content\\\/uploads\\\/2023\\\/01\\\/ROSADO-RESERVA-ECOLOGICO.png\",\"datePublished\":\"2023-01-02T15:55:52+00:00\",\"dateModified\":\"2023-07-17T11:53:59+00:00\",\"breadcrumb\":{\"@id\":\"https:\\\/\\\/elmasferrer.com\\\/ca\\\/producto\\\/rosado-reserva-ecologico\\\/#breadcrumb\"},\"inLanguage\":\"ca\",\"potentialAction\":[{\"@type\":\"ReadAction\",\"target\":[\"https:\\\/\\\/elmasferrer.com\\\/ca\\\/producto\\\/rosado-reserva-ecologico\\\/\"]}]},{\"@type\":\"ImageObject\",\"inLanguage\":\"ca\",\"@id\":\"https:\\\/\\\/elmasferrer.com\\\/ca\\\/producto\\\/rosado-reserva-ecologico\\\/#primaryimage\",\"url\":\"https:\\\/\\\/elmasferrer.com\\\/wp-content\\\/uploads\\\/2023\\\/01\\\/ROSADO-RESERVA-ECOLOGICO.png\",\"contentUrl\":\"https:\\\/\\\/elmasferrer.com\\\/wp-content\\\/uploads\\\/2023\\\/01\\\/ROSADO-RESERVA-ECOLOGICO.png\",\"width\":456,\"height\":1030},{\"@type\":\"BreadcrumbList\",\"@id\":\"https:\\\/\\\/elmasferrer.com\\\/ca\\\/producto\\\/rosado-reserva-ecologico\\\/#breadcrumb\",\"itemListElement\":[{\"@type\":\"ListItem\",\"position\":1,\"name\":\"Portada\",\"item\":\"https:\\\/\\\/elmasferrer.com\\\/\"},{\"@type\":\"ListItem\",\"position\":2,\"name\":\"Tienda\",\"item\":\"https:\\\/\\\/elmasferrer.com\\\/tienda\\\/\"},{\"@type\":\"ListItem\",\"position\":3,\"name\":\"ROSAT RESERVA ECOL\u00d2GIC\"}]},{\"@type\":\"WebSite\",\"@id\":\"https:\\\/\\\/elmasferrer.com\\\/#website\",\"url\":\"https:\\\/\\\/elmasferrer.com\\\/\",\"name\":\"El Mas Ferrer\",\"description\":\"Cava i vi de la bodega a casa\",\"publisher\":{\"@id\":\"https:\\\/\\\/elmasferrer.com\\\/#organization\"},\"potentialAction\":[{\"@type\":\"SearchAction\",\"target\":{\"@type\":\"EntryPoint\",\"urlTemplate\":\"https:\\\/\\\/elmasferrer.com\\\/?s={search_term_string}\"},\"query-input\":{\"@type\":\"PropertyValueSpecification\",\"valueRequired\":true,\"valueName\":\"search_term_string\"}}],\"inLanguage\":\"ca\"},{\"@type\":\"Organization\",\"@id\":\"https:\\\/\\\/elmasferrer.com\\\/#organization\",\"name\":\"El Mas Ferrer\",\"url\":\"https:\\\/\\\/elmasferrer.com\\\/\",\"logo\":{\"@type\":\"ImageObject\",\"inLanguage\":\"ca\",\"@id\":\"https:\\\/\\\/elmasferrer.com\\\/#\\\/schema\\\/logo\\\/image\\\/\",\"url\":\"https:\\\/\\\/elmasferrer.com\\\/wp-content\\\/uploads\\\/2022\\\/01\\\/logomail.png\",\"contentUrl\":\"https:\\\/\\\/elmasferrer.com\\\/wp-content\\\/uploads\\\/2022\\\/01\\\/logomail.png\",\"width\":600,\"height\":284,\"caption\":\"El Mas Ferrer\"},\"image\":{\"@id\":\"https:\\\/\\\/elmasferrer.com\\\/#\\\/schema\\\/logo\\\/image\\\/\"},\"sameAs\":[\"https:\\\/\\\/www.facebook.com\\\/caveselmasferrer\\\/\",\"https:\\\/\\\/x.com\\\/MasCaves\",\"https:\\\/\\\/www.instagram.com\\\/elmasferrer\\\/\"]}]}<\/script>\n<!-- \/ Yoast SEO plugin. -->","yoast_head_json":{"title":"ROSAT RESERVA ECOL\u00d2GIC - El Mas Ferrer","robots":{"index":"index","follow":"follow","max-snippet":"max-snippet:-1","max-image-preview":"max-image-preview:large","max-video-preview":"max-video-preview:-1"},"canonical":"https:\/\/elmasferrer.com\/ca\/producto\/rosado-reserva-ecologico\/","og_locale":"ca_ES","og_type":"article","og_title":"ROSAT RESERVA ECOL\u00d2GIC - El Mas Ferrer","og_description":"Tipus d&#8217;elaboraci\u00f3: Tradicional &#8216;Champenoise&#8217;. Remenat manual a pupitres. Varietats: Varietats t\u00edpiques del Pened\u00e8s; Garnatxa i Pinot Noir. Color: Color gerd brillant. Aroma afruitada intensa amb fina crema i matisos de crian\u00e7a. Fresc i suau en boca amb notes de gerds, nabius i flors. Ampolla molt fina i molt ben integrada. Temps de Crian\u00e7a:M\u00e9s de 20 [&hellip;]","og_url":"https:\/\/elmasferrer.com\/ca\/producto\/rosado-reserva-ecologico\/","og_site_name":"El Mas Ferrer","article_publisher":"https:\/\/www.facebook.com\/caveselmasferrer\/","article_modified_time":"2023-07-17T11:53:59+00:00","og_image":[{"width":456,"height":1030,"url":"https:\/\/elmasferrer.com\/wp-content\/uploads\/2023\/01\/ROSADO-RESERVA-ECOLOGICO.png","type":"image\/png"}],"twitter_card":"summary_large_image","twitter_site":"@MasCaves","twitter_misc":{"Temps estimat de lectura":"1 minut"},"schema":{"@context":"https:\/\/schema.org","@graph":[{"@type":"WebPage","@id":"https:\/\/elmasferrer.com\/ca\/producto\/rosado-reserva-ecologico\/","url":"https:\/\/elmasferrer.com\/ca\/producto\/rosado-reserva-ecologico\/","name":"ROSAT RESERVA ECOL\u00d2GIC - El Mas Ferrer","isPartOf":{"@id":"https:\/\/elmasferrer.com\/#website"},"primaryImageOfPage":{"@id":"https:\/\/elmasferrer.com\/ca\/producto\/rosado-reserva-ecologico\/#primaryimage"},"image":{"@id":"https:\/\/elmasferrer.com\/ca\/producto\/rosado-reserva-ecologico\/#primaryimage"},"thumbnailUrl":"https:\/\/elmasferrer.com\/wp-content\/uploads\/2023\/01\/ROSADO-RESERVA-ECOLOGICO.png","datePublished":"2023-01-02T15:55:52+00:00","dateModified":"2023-07-17T11:53:59+00:00","breadcrumb":{"@id":"https:\/\/elmasferrer.com\/ca\/producto\/rosado-reserva-ecologico\/#breadcrumb"},"inLanguage":"ca","potentialAction":[{"@type":"ReadAction","target":["https:\/\/elmasferrer.com\/ca\/producto\/rosado-reserva-ecologico\/"]}]},{"@type":"ImageObject","inLanguage":"ca","@id":"https:\/\/elmasferrer.com\/ca\/producto\/rosado-reserva-ecologico\/#primaryimage","url":"https:\/\/elmasferrer.com\/wp-content\/uploads\/2023\/01\/ROSADO-RESERVA-ECOLOGICO.png","contentUrl":"https:\/\/elmasferrer.com\/wp-content\/uploads\/2023\/01\/ROSADO-RESERVA-ECOLOGICO.png","width":456,"height":1030},{"@type":"BreadcrumbList","@id":"https:\/\/elmasferrer.com\/ca\/producto\/rosado-reserva-ecologico\/#breadcrumb","itemListElement":[{"@type":"ListItem","position":1,"name":"Portada","item":"https:\/\/elmasferrer.com\/"},{"@type":"ListItem","position":2,"name":"Tienda","item":"https:\/\/elmasferrer.com\/tienda\/"},{"@type":"ListItem","position":3,"name":"ROSAT RESERVA ECOL\u00d2GIC"}]},{"@type":"WebSite","@id":"https:\/\/elmasferrer.com\/#website","url":"https:\/\/elmasferrer.com\/","name":"El Mas Ferrer","description":"Cava i vi de la bodega a casa","publisher":{"@id":"https:\/\/elmasferrer.com\/#organization"},"potentialAction":[{"@type":"SearchAction","target":{"@type":"EntryPoint","urlTemplate":"https:\/\/elmasferrer.com\/?s={search_term_string}"},"query-input":{"@type":"PropertyValueSpecification","valueRequired":true,"valueName":"search_term_string"}}],"inLanguage":"ca"},{"@type":"Organization","@id":"https:\/\/elmasferrer.com\/#organization","name":"El Mas Ferrer","url":"https:\/\/elmasferrer.com\/","logo":{"@type":"ImageObject","inLanguage":"ca","@id":"https:\/\/elmasferrer.com\/#\/schema\/logo\/image\/","url":"https:\/\/elmasferrer.com\/wp-content\/uploads\/2022\/01\/logomail.png","contentUrl":"https:\/\/elmasferrer.com\/wp-content\/uploads\/2022\/01\/logomail.png","width":600,"height":284,"caption":"El Mas Ferrer"},"image":{"@id":"https:\/\/elmasferrer.com\/#\/schema\/logo\/image\/"},"sameAs":["https:\/\/www.facebook.com\/caveselmasferrer\/","https:\/\/x.com\/MasCaves","https:\/\/www.instagram.com\/elmasferrer\/"]}]}},"_links":{"self":[{"href":"https:\/\/elmasferrer.com\/ca\/wp-json\/wp\/v2\/product\/388505","targetHints":{"allow":["GET"]}}],"collection":[{"href":"https:\/\/elmasferrer.com\/ca\/wp-json\/wp\/v2\/product"}],"about":[{"href":"https:\/\/elmasferrer.com\/ca\/wp-json\/wp\/v2\/types\/product"}],"replies":[{"embeddable":true,"href":"https:\/\/elmasferrer.com\/ca\/wp-json\/wp\/v2\/comments?post=388505"}],"wp:featuredmedia":[{"embeddable":true,"href":"https:\/\/elmasferrer.com\/ca\/wp-json\/wp\/v2\/media\/388281"}],"wp:attachment":[{"href":"https:\/\/elmasferrer.com\/ca\/wp-json\/wp\/v2\/media?parent=388505"}],"wp:term":[{"taxonomy":"product_brand","embeddable":true,"href":"https:\/\/elmasferrer.com\/ca\/wp-json\/wp\/v2\/product_brand?post=388505"},{"taxonomy":"product_cat","embeddable":true,"href":"https:\/\/elmasferrer.com\/ca\/wp-json\/wp\/v2\/product_cat?post=388505"},{"taxonomy":"product_tag","embeddable":true,"href":"https:\/\/elmasferrer.com\/ca\/wp-json\/wp\/v2\/product_tag?post=388505"}],"curies":[{"name":"wp","href":"https:\/\/api.w.org\/{rel}","templated":true}]}}

ROSAT RESERVA ECOLÒGIC

<p><b>Tipus d&#8217;elaboració:</b> Tradicional &#8216;Champenoise&#8217;. Remenat manual a pupitres.<br />
<b>Varietats:</b> Varietats típiques del Penedès; Garnatxa i Pinot Noir.<br />
<b>Color:</b> Color gerd brillant. Aroma afruitada intensa amb fina crema i matisos de criança. Fresc i suau en boca amb notes de gerds, nabius i flors. Ampolla molt fina i molt ben integrada.<br />
<b>Temps de Criança:</b>Més de 20 mesos de criança en ampolla, desgorjat recent, remogut i aclarit a mà a pupitre.<br />
<b>Sucre residual afegit:</b> 5gr / litre <b>PH:</b> 3 – <b>Acidesa:</b> 6,1 gr / litre<br />
<b>Grau alcohòlic:</b> 11,5%<br />
<b>Temperatura de servei:</b> 4º / 6º C.<br />
<b>Maridatge:</b> Excel·lent per degustar a l&#8217;aperitiu, amb guisats, carns blanques, peix o marisc i pasta fresca.<br />
<b>Premis:<br />
</b>International Wine Awards 2017 (Bronze)<br />
Girovi 2015 – XX CONCURS DE VINS I CAVES DE CATALUNYA (Or)<br />
Catavinum 2015 – World Wine &amp; Spirits Competition (Plata)</p>
<p><b><i>Presentació a ampolla especial de 75cl.</i></b></p>
<p>&nbsp;</p>

<p>Tipus d&#8217;elaboració: Tradicional &#8216;Champenoise&#8217;. Remenat manual a pupitres. Varietats: Varietats típiques del Penedès; Garnatxa i Pinot Noir. Color: Color gerd brillant. Aroma afruitada intensa amb fina crema i matisos de criança. Fresc i suau en boca amb notes de gerds, nabius i flors. Ampolla molt fina i molt ben integrada. Temps de Criança:Més de 20 [&hellip;]</p>

<!-- This site is optimized with the Yoast SEO plugin v27.5 - https://yoast.com/product/yoast-seo-wordpress/ -->
<title>ROSAT RESERVA ECOLÒGIC - El Mas Ferrer</title>
<meta name="robots" content="index, follow, max-snippet:-1, max-image-preview:large, max-video-preview:-1" />
<link rel="canonical" href="https://elmasferrer.com/ca/producto/rosado-reserva-ecologico/" />
<meta property="og:locale" content="ca_ES" />
<meta property="og:type" content="article" />
<meta property="og:title" content="ROSAT RESERVA ECOLÒGIC - El Mas Ferrer" />
<meta property="og:description" content="Tipus d&#8217;elaboració: Tradicional &#8216;Champenoise&#8217;. Remenat manual a pupitres. Varietats: Varietats típiques del Penedès; Garnatxa i Pinot Noir. Color: Color gerd brillant. Aroma afruitada intensa amb fina crema i matisos de criança. Fresc i suau en boca amb notes de gerds, nabius i flors. Ampolla molt fina i molt ben integrada. Temps de Criança:Més de 20 [&hellip;]" />
<meta property="og:url" content="https://elmasferrer.com/ca/producto/rosado-reserva-ecologico/" />
<meta property="og:site_name" content="El Mas Ferrer" />
<meta property="article:publisher" content="https://www.facebook.com/caveselmasferrer/" />
<meta property="article:modified_time" content="2023-07-17T11:53:59+00:00" />
<meta property="og:image" content="https://elmasferrer.com/wp-content/uploads/2023/01/ROSADO-RESERVA-ECOLOGICO.png" />
	<meta property="og:image:width" content="456" />
	<meta property="og:image:height" content="1030" />
	<meta property="og:image:type" content="image/png" />
<meta name="twitter:card" content="summary_large_image" />
<meta name="twitter:site" content="@MasCaves" />
<meta name="twitter:label1" content="Temps estimat de lectura" />
	<meta name="twitter:data1" content="1 minut" />
<script type="application/ld+json" class="yoast-schema-graph">{"@context":"https:\/\/schema.org","@graph":[{"@type":"WebPage","@id":"https:\/\/elmasferrer.com\/ca\/producto\/rosado-reserva-ecologico\/","url":"https:\/\/elmasferrer.com\/ca\/producto\/rosado-reserva-ecologico\/","name":"ROSAT RESERVA ECOLÒGIC - El Mas Ferrer","isPartOf":{"@id":"https:\/\/elmasferrer.com\/#website"},"primaryImageOfPage":{"@id":"https:\/\/elmasferrer.com\/ca\/producto\/rosado-reserva-ecologico\/#primaryimage"},"image":{"@id":"https:\/\/elmasferrer.com\/ca\/producto\/rosado-reserva-ecologico\/#primaryimage"},"thumbnailUrl":"https:\/\/elmasferrer.com\/wp-content\/uploads\/2023\/01\/ROSADO-RESERVA-ECOLOGICO.png","datePublished":"2023-01-02T15:55:52+00:00","dateModified":"2023-07-17T11:53:59+00:00","breadcrumb":{"@id":"https:\/\/elmasferrer.com\/ca\/producto\/rosado-reserva-ecologico\/#breadcrumb"},"inLanguage":"ca","potentialAction":[{"@type":"ReadAction","target":["https:\/\/elmasferrer.com\/ca\/producto\/rosado-reserva-ecologico\/"]}]},{"@type":"ImageObject","inLanguage":"ca","@id":"https:\/\/elmasferrer.com\/ca\/producto\/rosado-reserva-ecologico\/#primaryimage","url":"https:\/\/elmasferrer.com\/wp-content\/uploads\/2023\/01\/ROSADO-RESERVA-ECOLOGICO.png","contentUrl":"https:\/\/elmasferrer.com\/wp-content\/uploads\/2023\/01\/ROSADO-RESERVA-ECOLOGICO.png","width":456,"height":1030},{"@type":"BreadcrumbList","@id":"https:\/\/elmasferrer.com\/ca\/producto\/rosado-reserva-ecologico\/#breadcrumb","itemListElement":[{"@type":"ListItem","position":1,"name":"Portada","item":"https:\/\/elmasferrer.com\/"},{"@type":"ListItem","position":2,"name":"Tienda","item":"https:\/\/elmasferrer.com\/tienda\/"},{"@type":"ListItem","position":3,"name":"ROSAT RESERVA ECOLÒGIC"}]},{"@type":"WebSite","@id":"https:\/\/elmasferrer.com\/#website","url":"https:\/\/elmasferrer.com\/","name":"El Mas Ferrer","description":"Cava i vi de la bodega a casa","publisher":{"@id":"https:\/\/elmasferrer.com\/#organization"},"potentialAction":[{"@type":"SearchAction","target":{"@type":"EntryPoint","urlTemplate":"https:\/\/elmasferrer.com\/?s={search_term_string}"},"query-input":{"@type":"PropertyValueSpecification","valueRequired":true,"valueName":"search_term_string"}}],"inLanguage":"ca"},{"@type":"Organization","@id":"https:\/\/elmasferrer.com\/#organization","name":"El Mas Ferrer","url":"https:\/\/elmasferrer.com\/","logo":{"@type":"ImageObject","inLanguage":"ca","@id":"https:\/\/elmasferrer.com\/#\/schema\/logo\/image\/","url":"https:\/\/elmasferrer.com\/wp-content\/uploads\/2022\/01\/logomail.png","contentUrl":"https:\/\/elmasferrer.com\/wp-content\/uploads\/2022\/01\/logomail.png","width":600,"height":284,"caption":"El Mas Ferrer"},"image":{"@id":"https:\/\/elmasferrer.com\/#\/schema\/logo\/image\/"},"sameAs":["https:\/\/www.facebook.com\/caveselmasferrer\/","https:\/\/x.com\/MasCaves","https:\/\/www.instagram.com\/elmasferrer\/"]}]}</script>
<!-- / Yoast SEO plugin. -->

ROSAT RESERVA ECOLÒGIC - El Mas Ferrer

Tipus d&#8217;elaboració: Tradicional &#8216;Champenoise&#8217;. Remenat manual a pupitres. Varietats: Varietats típiques del Penedès; Garnatxa i Pinot Noir. Color: Color gerd brillant. Aroma afruitada intensa amb fina crema i matisos de criança. Fresc i suau en boca amb notes de gerds, nabius i flors. Ampolla molt fina i molt ben integrada. Temps de Criança:Més de 20 [&hellip;]
