{"id":388740,"date":"2023-03-14T10:30:57","date_gmt":"2023-03-14T10:30:57","guid":{"rendered":"https:\/\/elmasferrer.com\/producto\/rosalia-brut-nature-ecologico\/"},"modified":"2023-07-17T11:51:19","modified_gmt":"2023-07-17T11:51:19","slug":"rosalia-brut-nature-ecologico","status":"publish","type":"product","link":"https:\/\/elmasferrer.com\/ca\/producto\/rosalia-brut-nature-ecologico\/","title":{"rendered":"ROSALIA BRUT NATURE ECOL\u00d2GIC"},"content":{"rendered":"<div data-canvas-width=\"39.680478096463865\"><strong>VEREMA<\/strong>: Durant el mes d&#8217;agost i setembre es van veremar i es van vinificar les cinc varietats per separat, per tal de preservar les caracter\u00edstiques arom\u00e0tiques de cadascuna. Posteriorment es va fer el cupatge del vi base cava, buscant estructura i aromes de fruita per elaborar un gran cava.<br \/>\n<strong>CRIAN\u00c7A<\/strong>: El vi base resultant del cupatge, un 30% es va posar en b\u00f3tes de roure franc\u00e8s durant tres mesos i el 70% restant es va mantenir en dip\u00f2sits d&#8217;acer inoxidable. Un cop transcorreguts els<br \/>\ntres mesos es van tornar a barrejar els vins i es va fer el tiratge per fer la segona fermentaci\u00f3 en ampolla.<br \/>\n<strong>ENVELLIMENT<\/strong>: una mitjana de 12 mesos en ampolla. Posteriorment es van remoure les ampolles i es van aclarir manualment en pupitres per al posterior degollament.<\/div>\n","protected":false},"excerpt":{"rendered":"<p>VEREMA: Durant el mes d&#8217;agost i setembre es van veremar i es van vinificar les cinc varietats per separat, per tal de preservar les caracter\u00edstiques arom\u00e0tiques de cadascuna. Posteriorment es va fer el cupatge del vi base cava, buscant estructura i aromes de fruita per elaborar un gran cava. CRIAN\u00c7A: El vi base resultant del [&hellip;]<\/p>\n","protected":false},"featured_media":388732,"comment_status":"open","ping_status":"closed","template":"","meta":{"_acf_changed":false,"_et_pb_use_builder":"","_et_pb_old_content":"","_et_gb_content_width":""},"product_brand":[],"product_cat":[73],"product_tag":[],"class_list":{"0":"post-388740","1":"product","2":"type-product","3":"status-publish","4":"has-post-thumbnail","6":"product_cat-cava-ca","8":"first","9":"instock","10":"shipping-taxable","11":"purchasable","12":"product-type-simple"},"acf":[],"yoast_head":"<!-- This site is optimized with the Yoast SEO plugin v27.5 - https:\/\/yoast.com\/product\/yoast-seo-wordpress\/ -->\n<title>ROSALIA BRUT NATURE ECOL\u00d2GIC - El Mas Ferrer<\/title>\n<meta name=\"robots\" content=\"index, follow, max-snippet:-1, max-image-preview:large, max-video-preview:-1\" \/>\n<link rel=\"canonical\" href=\"https:\/\/elmasferrer.com\/ca\/producto\/rosalia-brut-nature-ecologico\/\" \/>\n<meta property=\"og:locale\" content=\"ca_ES\" \/>\n<meta property=\"og:type\" content=\"article\" \/>\n<meta property=\"og:title\" content=\"ROSALIA BRUT NATURE ECOL\u00d2GIC - El Mas Ferrer\" \/>\n<meta property=\"og:description\" content=\"VEREMA: Durant el mes d&#8217;agost i setembre es van veremar i es van vinificar les cinc varietats per separat, per tal de preservar les caracter\u00edstiques arom\u00e0tiques de cadascuna. Posteriorment es va fer el cupatge del vi base cava, buscant estructura i aromes de fruita per elaborar un gran cava. CRIAN\u00c7A: El vi base resultant del [&hellip;]\" \/>\n<meta property=\"og:url\" content=\"https:\/\/elmasferrer.com\/ca\/producto\/rosalia-brut-nature-ecologico\/\" \/>\n<meta property=\"og:site_name\" content=\"El Mas Ferrer\" \/>\n<meta property=\"article:publisher\" content=\"https:\/\/www.facebook.com\/caveselmasferrer\/\" \/>\n<meta property=\"article:modified_time\" content=\"2023-07-17T11:51:19+00:00\" \/>\n<meta property=\"og:image\" content=\"https:\/\/elmasferrer.com\/wp-content\/uploads\/2023\/03\/botella-nueva-Rosalia-72ppp.jpg\" \/>\n\t<meta property=\"og:image:width\" content=\"964\" \/>\n\t<meta property=\"og:image:height\" content=\"1444\" \/>\n\t<meta property=\"og:image:type\" content=\"image\/jpeg\" \/>\n<meta name=\"twitter:card\" content=\"summary_large_image\" \/>\n<meta name=\"twitter:site\" content=\"@MasCaves\" \/>\n<meta name=\"twitter:label1\" content=\"Temps estimat de lectura\" \/>\n\t<meta name=\"twitter:data1\" content=\"1 minut\" \/>\n<script type=\"application\/ld+json\" class=\"yoast-schema-graph\">{\"@context\":\"https:\\\/\\\/schema.org\",\"@graph\":[{\"@type\":\"WebPage\",\"@id\":\"https:\\\/\\\/elmasferrer.com\\\/ca\\\/producto\\\/rosalia-brut-nature-ecologico\\\/\",\"url\":\"https:\\\/\\\/elmasferrer.com\\\/ca\\\/producto\\\/rosalia-brut-nature-ecologico\\\/\",\"name\":\"ROSALIA BRUT NATURE ECOL\u00d2GIC - El Mas Ferrer\",\"isPartOf\":{\"@id\":\"https:\\\/\\\/elmasferrer.com\\\/#website\"},\"primaryImageOfPage\":{\"@id\":\"https:\\\/\\\/elmasferrer.com\\\/ca\\\/producto\\\/rosalia-brut-nature-ecologico\\\/#primaryimage\"},\"image\":{\"@id\":\"https:\\\/\\\/elmasferrer.com\\\/ca\\\/producto\\\/rosalia-brut-nature-ecologico\\\/#primaryimage\"},\"thumbnailUrl\":\"https:\\\/\\\/elmasferrer.com\\\/wp-content\\\/uploads\\\/2023\\\/03\\\/botella-nueva-Rosalia-72ppp.jpg\",\"datePublished\":\"2023-03-14T10:30:57+00:00\",\"dateModified\":\"2023-07-17T11:51:19+00:00\",\"breadcrumb\":{\"@id\":\"https:\\\/\\\/elmasferrer.com\\\/ca\\\/producto\\\/rosalia-brut-nature-ecologico\\\/#breadcrumb\"},\"inLanguage\":\"ca\",\"potentialAction\":[{\"@type\":\"ReadAction\",\"target\":[\"https:\\\/\\\/elmasferrer.com\\\/ca\\\/producto\\\/rosalia-brut-nature-ecologico\\\/\"]}]},{\"@type\":\"ImageObject\",\"inLanguage\":\"ca\",\"@id\":\"https:\\\/\\\/elmasferrer.com\\\/ca\\\/producto\\\/rosalia-brut-nature-ecologico\\\/#primaryimage\",\"url\":\"https:\\\/\\\/elmasferrer.com\\\/wp-content\\\/uploads\\\/2023\\\/03\\\/botella-nueva-Rosalia-72ppp.jpg\",\"contentUrl\":\"https:\\\/\\\/elmasferrer.com\\\/wp-content\\\/uploads\\\/2023\\\/03\\\/botella-nueva-Rosalia-72ppp.jpg\",\"width\":964,\"height\":1444},{\"@type\":\"BreadcrumbList\",\"@id\":\"https:\\\/\\\/elmasferrer.com\\\/ca\\\/producto\\\/rosalia-brut-nature-ecologico\\\/#breadcrumb\",\"itemListElement\":[{\"@type\":\"ListItem\",\"position\":1,\"name\":\"Portada\",\"item\":\"https:\\\/\\\/elmasferrer.com\\\/\"},{\"@type\":\"ListItem\",\"position\":2,\"name\":\"Tienda\",\"item\":\"https:\\\/\\\/elmasferrer.com\\\/tienda\\\/\"},{\"@type\":\"ListItem\",\"position\":3,\"name\":\"ROSALIA BRUT NATURE ECOL\u00d2GIC\"}]},{\"@type\":\"WebSite\",\"@id\":\"https:\\\/\\\/elmasferrer.com\\\/#website\",\"url\":\"https:\\\/\\\/elmasferrer.com\\\/\",\"name\":\"El Mas Ferrer\",\"description\":\"Cava i vi de la bodega a casa\",\"publisher\":{\"@id\":\"https:\\\/\\\/elmasferrer.com\\\/#organization\"},\"potentialAction\":[{\"@type\":\"SearchAction\",\"target\":{\"@type\":\"EntryPoint\",\"urlTemplate\":\"https:\\\/\\\/elmasferrer.com\\\/?s={search_term_string}\"},\"query-input\":{\"@type\":\"PropertyValueSpecification\",\"valueRequired\":true,\"valueName\":\"search_term_string\"}}],\"inLanguage\":\"ca\"},{\"@type\":\"Organization\",\"@id\":\"https:\\\/\\\/elmasferrer.com\\\/#organization\",\"name\":\"El Mas Ferrer\",\"url\":\"https:\\\/\\\/elmasferrer.com\\\/\",\"logo\":{\"@type\":\"ImageObject\",\"inLanguage\":\"ca\",\"@id\":\"https:\\\/\\\/elmasferrer.com\\\/#\\\/schema\\\/logo\\\/image\\\/\",\"url\":\"https:\\\/\\\/elmasferrer.com\\\/wp-content\\\/uploads\\\/2022\\\/01\\\/logomail.png\",\"contentUrl\":\"https:\\\/\\\/elmasferrer.com\\\/wp-content\\\/uploads\\\/2022\\\/01\\\/logomail.png\",\"width\":600,\"height\":284,\"caption\":\"El Mas Ferrer\"},\"image\":{\"@id\":\"https:\\\/\\\/elmasferrer.com\\\/#\\\/schema\\\/logo\\\/image\\\/\"},\"sameAs\":[\"https:\\\/\\\/www.facebook.com\\\/caveselmasferrer\\\/\",\"https:\\\/\\\/x.com\\\/MasCaves\",\"https:\\\/\\\/www.instagram.com\\\/elmasferrer\\\/\"]}]}<\/script>\n<!-- \/ Yoast SEO plugin. -->","yoast_head_json":{"title":"ROSALIA BRUT NATURE ECOL\u00d2GIC - El Mas Ferrer","robots":{"index":"index","follow":"follow","max-snippet":"max-snippet:-1","max-image-preview":"max-image-preview:large","max-video-preview":"max-video-preview:-1"},"canonical":"https:\/\/elmasferrer.com\/ca\/producto\/rosalia-brut-nature-ecologico\/","og_locale":"ca_ES","og_type":"article","og_title":"ROSALIA BRUT NATURE ECOL\u00d2GIC - El Mas Ferrer","og_description":"VEREMA: Durant el mes d&#8217;agost i setembre es van veremar i es van vinificar les cinc varietats per separat, per tal de preservar les caracter\u00edstiques arom\u00e0tiques de cadascuna. Posteriorment es va fer el cupatge del vi base cava, buscant estructura i aromes de fruita per elaborar un gran cava. CRIAN\u00c7A: El vi base resultant del [&hellip;]","og_url":"https:\/\/elmasferrer.com\/ca\/producto\/rosalia-brut-nature-ecologico\/","og_site_name":"El Mas Ferrer","article_publisher":"https:\/\/www.facebook.com\/caveselmasferrer\/","article_modified_time":"2023-07-17T11:51:19+00:00","og_image":[{"width":964,"height":1444,"url":"https:\/\/elmasferrer.com\/wp-content\/uploads\/2023\/03\/botella-nueva-Rosalia-72ppp.jpg","type":"image\/jpeg"}],"twitter_card":"summary_large_image","twitter_site":"@MasCaves","twitter_misc":{"Temps estimat de lectura":"1 minut"},"schema":{"@context":"https:\/\/schema.org","@graph":[{"@type":"WebPage","@id":"https:\/\/elmasferrer.com\/ca\/producto\/rosalia-brut-nature-ecologico\/","url":"https:\/\/elmasferrer.com\/ca\/producto\/rosalia-brut-nature-ecologico\/","name":"ROSALIA BRUT NATURE ECOL\u00d2GIC - El Mas Ferrer","isPartOf":{"@id":"https:\/\/elmasferrer.com\/#website"},"primaryImageOfPage":{"@id":"https:\/\/elmasferrer.com\/ca\/producto\/rosalia-brut-nature-ecologico\/#primaryimage"},"image":{"@id":"https:\/\/elmasferrer.com\/ca\/producto\/rosalia-brut-nature-ecologico\/#primaryimage"},"thumbnailUrl":"https:\/\/elmasferrer.com\/wp-content\/uploads\/2023\/03\/botella-nueva-Rosalia-72ppp.jpg","datePublished":"2023-03-14T10:30:57+00:00","dateModified":"2023-07-17T11:51:19+00:00","breadcrumb":{"@id":"https:\/\/elmasferrer.com\/ca\/producto\/rosalia-brut-nature-ecologico\/#breadcrumb"},"inLanguage":"ca","potentialAction":[{"@type":"ReadAction","target":["https:\/\/elmasferrer.com\/ca\/producto\/rosalia-brut-nature-ecologico\/"]}]},{"@type":"ImageObject","inLanguage":"ca","@id":"https:\/\/elmasferrer.com\/ca\/producto\/rosalia-brut-nature-ecologico\/#primaryimage","url":"https:\/\/elmasferrer.com\/wp-content\/uploads\/2023\/03\/botella-nueva-Rosalia-72ppp.jpg","contentUrl":"https:\/\/elmasferrer.com\/wp-content\/uploads\/2023\/03\/botella-nueva-Rosalia-72ppp.jpg","width":964,"height":1444},{"@type":"BreadcrumbList","@id":"https:\/\/elmasferrer.com\/ca\/producto\/rosalia-brut-nature-ecologico\/#breadcrumb","itemListElement":[{"@type":"ListItem","position":1,"name":"Portada","item":"https:\/\/elmasferrer.com\/"},{"@type":"ListItem","position":2,"name":"Tienda","item":"https:\/\/elmasferrer.com\/tienda\/"},{"@type":"ListItem","position":3,"name":"ROSALIA BRUT NATURE ECOL\u00d2GIC"}]},{"@type":"WebSite","@id":"https:\/\/elmasferrer.com\/#website","url":"https:\/\/elmasferrer.com\/","name":"El Mas Ferrer","description":"Cava i vi de la bodega a casa","publisher":{"@id":"https:\/\/elmasferrer.com\/#organization"},"potentialAction":[{"@type":"SearchAction","target":{"@type":"EntryPoint","urlTemplate":"https:\/\/elmasferrer.com\/?s={search_term_string}"},"query-input":{"@type":"PropertyValueSpecification","valueRequired":true,"valueName":"search_term_string"}}],"inLanguage":"ca"},{"@type":"Organization","@id":"https:\/\/elmasferrer.com\/#organization","name":"El Mas Ferrer","url":"https:\/\/elmasferrer.com\/","logo":{"@type":"ImageObject","inLanguage":"ca","@id":"https:\/\/elmasferrer.com\/#\/schema\/logo\/image\/","url":"https:\/\/elmasferrer.com\/wp-content\/uploads\/2022\/01\/logomail.png","contentUrl":"https:\/\/elmasferrer.com\/wp-content\/uploads\/2022\/01\/logomail.png","width":600,"height":284,"caption":"El Mas Ferrer"},"image":{"@id":"https:\/\/elmasferrer.com\/#\/schema\/logo\/image\/"},"sameAs":["https:\/\/www.facebook.com\/caveselmasferrer\/","https:\/\/x.com\/MasCaves","https:\/\/www.instagram.com\/elmasferrer\/"]}]}},"_links":{"self":[{"href":"https:\/\/elmasferrer.com\/ca\/wp-json\/wp\/v2\/product\/388740","targetHints":{"allow":["GET"]}}],"collection":[{"href":"https:\/\/elmasferrer.com\/ca\/wp-json\/wp\/v2\/product"}],"about":[{"href":"https:\/\/elmasferrer.com\/ca\/wp-json\/wp\/v2\/types\/product"}],"replies":[{"embeddable":true,"href":"https:\/\/elmasferrer.com\/ca\/wp-json\/wp\/v2\/comments?post=388740"}],"wp:featuredmedia":[{"embeddable":true,"href":"https:\/\/elmasferrer.com\/ca\/wp-json\/wp\/v2\/media\/388732"}],"wp:attachment":[{"href":"https:\/\/elmasferrer.com\/ca\/wp-json\/wp\/v2\/media?parent=388740"}],"wp:term":[{"taxonomy":"product_brand","embeddable":true,"href":"https:\/\/elmasferrer.com\/ca\/wp-json\/wp\/v2\/product_brand?post=388740"},{"taxonomy":"product_cat","embeddable":true,"href":"https:\/\/elmasferrer.com\/ca\/wp-json\/wp\/v2\/product_cat?post=388740"},{"taxonomy":"product_tag","embeddable":true,"href":"https:\/\/elmasferrer.com\/ca\/wp-json\/wp\/v2\/product_tag?post=388740"}],"curies":[{"name":"wp","href":"https:\/\/api.w.org\/{rel}","templated":true}]}}

ROSALIA BRUT NATURE ECOLÒGIC

<div data-canvas-width="39.680478096463865"><strong>VEREMA</strong>: Durant el mes d&#8217;agost i setembre es van veremar i es van vinificar les cinc varietats per separat, per tal de preservar les característiques aromàtiques de cadascuna. Posteriorment es va fer el cupatge del vi base cava, buscant estructura i aromes de fruita per elaborar un gran cava.<br />
<strong>CRIANÇA</strong>: El vi base resultant del cupatge, un 30% es va posar en bótes de roure francès durant tres mesos i el 70% restant es va mantenir en dipòsits d&#8217;acer inoxidable. Un cop transcorreguts els<br />
tres mesos es van tornar a barrejar els vins i es va fer el tiratge per fer la segona fermentació en ampolla.<br />
<strong>ENVELLIMENT</strong>: una mitjana de 12 mesos en ampolla. Posteriorment es van remoure les ampolles i es van aclarir manualment en pupitres per al posterior degollament.</div>

<p>VEREMA: Durant el mes d&#8217;agost i setembre es van veremar i es van vinificar les cinc varietats per separat, per tal de preservar les característiques aromàtiques de cadascuna. Posteriorment es va fer el cupatge del vi base cava, buscant estructura i aromes de fruita per elaborar un gran cava. CRIANÇA: El vi base resultant del [&hellip;]</p>

<!-- This site is optimized with the Yoast SEO plugin v27.5 - https://yoast.com/product/yoast-seo-wordpress/ -->
<title>ROSALIA BRUT NATURE ECOLÒGIC - El Mas Ferrer</title>
<meta name="robots" content="index, follow, max-snippet:-1, max-image-preview:large, max-video-preview:-1" />
<link rel="canonical" href="https://elmasferrer.com/ca/producto/rosalia-brut-nature-ecologico/" />
<meta property="og:locale" content="ca_ES" />
<meta property="og:type" content="article" />
<meta property="og:title" content="ROSALIA BRUT NATURE ECOLÒGIC - El Mas Ferrer" />
<meta property="og:description" content="VEREMA: Durant el mes d&#8217;agost i setembre es van veremar i es van vinificar les cinc varietats per separat, per tal de preservar les característiques aromàtiques de cadascuna. Posteriorment es va fer el cupatge del vi base cava, buscant estructura i aromes de fruita per elaborar un gran cava. CRIANÇA: El vi base resultant del [&hellip;]" />
<meta property="og:url" content="https://elmasferrer.com/ca/producto/rosalia-brut-nature-ecologico/" />
<meta property="og:site_name" content="El Mas Ferrer" />
<meta property="article:publisher" content="https://www.facebook.com/caveselmasferrer/" />
<meta property="article:modified_time" content="2023-07-17T11:51:19+00:00" />
<meta property="og:image" content="https://elmasferrer.com/wp-content/uploads/2023/03/botella-nueva-Rosalia-72ppp.jpg" />
	<meta property="og:image:width" content="964" />
	<meta property="og:image:height" content="1444" />
	<meta property="og:image:type" content="image/jpeg" />
<meta name="twitter:card" content="summary_large_image" />
<meta name="twitter:site" content="@MasCaves" />
<meta name="twitter:label1" content="Temps estimat de lectura" />
	<meta name="twitter:data1" content="1 minut" />
<script type="application/ld+json" class="yoast-schema-graph">{"@context":"https:\/\/schema.org","@graph":[{"@type":"WebPage","@id":"https:\/\/elmasferrer.com\/ca\/producto\/rosalia-brut-nature-ecologico\/","url":"https:\/\/elmasferrer.com\/ca\/producto\/rosalia-brut-nature-ecologico\/","name":"ROSALIA BRUT NATURE ECOLÒGIC - El Mas Ferrer","isPartOf":{"@id":"https:\/\/elmasferrer.com\/#website"},"primaryImageOfPage":{"@id":"https:\/\/elmasferrer.com\/ca\/producto\/rosalia-brut-nature-ecologico\/#primaryimage"},"image":{"@id":"https:\/\/elmasferrer.com\/ca\/producto\/rosalia-brut-nature-ecologico\/#primaryimage"},"thumbnailUrl":"https:\/\/elmasferrer.com\/wp-content\/uploads\/2023\/03\/botella-nueva-Rosalia-72ppp.jpg","datePublished":"2023-03-14T10:30:57+00:00","dateModified":"2023-07-17T11:51:19+00:00","breadcrumb":{"@id":"https:\/\/elmasferrer.com\/ca\/producto\/rosalia-brut-nature-ecologico\/#breadcrumb"},"inLanguage":"ca","potentialAction":[{"@type":"ReadAction","target":["https:\/\/elmasferrer.com\/ca\/producto\/rosalia-brut-nature-ecologico\/"]}]},{"@type":"ImageObject","inLanguage":"ca","@id":"https:\/\/elmasferrer.com\/ca\/producto\/rosalia-brut-nature-ecologico\/#primaryimage","url":"https:\/\/elmasferrer.com\/wp-content\/uploads\/2023\/03\/botella-nueva-Rosalia-72ppp.jpg","contentUrl":"https:\/\/elmasferrer.com\/wp-content\/uploads\/2023\/03\/botella-nueva-Rosalia-72ppp.jpg","width":964,"height":1444},{"@type":"BreadcrumbList","@id":"https:\/\/elmasferrer.com\/ca\/producto\/rosalia-brut-nature-ecologico\/#breadcrumb","itemListElement":[{"@type":"ListItem","position":1,"name":"Portada","item":"https:\/\/elmasferrer.com\/"},{"@type":"ListItem","position":2,"name":"Tienda","item":"https:\/\/elmasferrer.com\/tienda\/"},{"@type":"ListItem","position":3,"name":"ROSALIA BRUT NATURE ECOLÒGIC"}]},{"@type":"WebSite","@id":"https:\/\/elmasferrer.com\/#website","url":"https:\/\/elmasferrer.com\/","name":"El Mas Ferrer","description":"Cava i vi de la bodega a casa","publisher":{"@id":"https:\/\/elmasferrer.com\/#organization"},"potentialAction":[{"@type":"SearchAction","target":{"@type":"EntryPoint","urlTemplate":"https:\/\/elmasferrer.com\/?s={search_term_string}"},"query-input":{"@type":"PropertyValueSpecification","valueRequired":true,"valueName":"search_term_string"}}],"inLanguage":"ca"},{"@type":"Organization","@id":"https:\/\/elmasferrer.com\/#organization","name":"El Mas Ferrer","url":"https:\/\/elmasferrer.com\/","logo":{"@type":"ImageObject","inLanguage":"ca","@id":"https:\/\/elmasferrer.com\/#\/schema\/logo\/image\/","url":"https:\/\/elmasferrer.com\/wp-content\/uploads\/2022\/01\/logomail.png","contentUrl":"https:\/\/elmasferrer.com\/wp-content\/uploads\/2022\/01\/logomail.png","width":600,"height":284,"caption":"El Mas Ferrer"},"image":{"@id":"https:\/\/elmasferrer.com\/#\/schema\/logo\/image\/"},"sameAs":["https:\/\/www.facebook.com\/caveselmasferrer\/","https:\/\/x.com\/MasCaves","https:\/\/www.instagram.com\/elmasferrer\/"]}]}</script>
<!-- / Yoast SEO plugin. -->

ROSALIA BRUT NATURE ECOLÒGIC - El Mas Ferrer

VEREMA: Durant el mes d&#8217;agost i setembre es van veremar i es van vinificar les cinc varietats per separat, per tal de preservar les característiques aromàtiques de cadascuna. Posteriorment es va fer el cupatge del vi base cava, buscant estructura i aromes de fruita per elaborar un gran cava. CRIANÇA: El vi base resultant del [&hellip;]
